{"id":51,"date":"2013-08-31T15:04:49","date_gmt":"2013-08-31T13:04:49","guid":{"rendered":"http:\/\/zweirad.polstelle.de\/?page_id=51"},"modified":"2024-03-29T10:03:38","modified_gmt":"2024-03-29T09:03:38","slug":"fahrraeder","status":"publish","type":"page","link":"https:\/\/www.zweiradschulze.com\/?page_id=51","title":{"rendered":"Fahrrad"},"content":{"rendered":"<h4>&#8230;.diese Seite ist gerade im Umbau!<\/h4>\n<p><img src=\"https:\/\/res.cloudinary.com\/bohmeyer-schuster-gmbh\/image\/upload\/w_300,c_fill,q_auto:low\/f_auto\/v1574938619\/products\/images\/arbeitsstelle-verkehrsschild-nr-123-2868.jpg\" alt=\"Verkehrsschild VZ 123 Baustelle\" \/><\/p>\n<div>\n<h4><\/h4>\n<\/div>\n<div>\n<p>&nbsp;<\/p>\n<div><\/div>\n<div><\/div>\n<div><\/div>\n<div><a href=\"http:\/\/www.zweiradschulze.com\/wp-content\/uploads\/2013\/08\/DSC03382.jpg\">\u00a0<\/a><\/div>\n<div class=\"alignleft\"><\/div>\n<h2 style=\"clear: both;\"><\/h2>\n<p>&nbsp;<\/p>\n<h2 style=\"clear: both;\"><span style=\"color: #ff6600;\">\u00a0<\/span><\/h2>\n<h2 style=\"clear: both;\"><\/h2>\n<h2 style=\"clear: both;\"><span style=\"color: #ff0000;\">\u00a0<\/span><\/h2>\n<h1 style=\"clear: both;\"><strong><span style=\"color: #ff0000;\">\u00a0<\/span><\/strong><\/h1>\n<\/div>\n<p>&nbsp;<\/p>\n<p><strong>\u00a0<\/strong><\/p>\n<div>\n<p>&nbsp;<\/p>\n<p><strong>\u00a0<\/strong><\/p>\n<\/div>\n","protected":false},"excerpt":{"rendered":"<p>&#8230;.diese Seite ist gerade im Umbau! &nbsp; \u00a0 &nbsp; \u00a0 \u00a0 \u00a0 &nbsp; \u00a0 &nbsp; \u00a0<\/p>\n","protected":false},"author":1,"featured_media":0,"parent":0,"menu_order":0,"comment_status":"closed","ping_status":"closed","template":"","meta":[],"yoast_head":"<!-- This site is optimized with the Yoast SEO plugin v19.9 - https:\/\/yoast.com\/wordpress\/plugins\/seo\/ -->\n<title>Fahrrad - Zweiradfachgesch\u00e4ft Schulze<\/title>\n<meta name=\"robots\" content=\"index, follow, max-snippet:-1, max-image-preview:large, max-video-preview:-1\" \/>\n<link rel=\"canonical\" href=\"https:\/\/www.zweiradschulze.com\/?page_id=51\" \/>\n<meta property=\"og:locale\" content=\"de_DE\" \/>\n<meta property=\"og:type\" content=\"article\" \/>\n<meta property=\"og:title\" content=\"Fahrrad - Zweiradfachgesch\u00e4ft Schulze\" \/>\n<meta property=\"og:description\" content=\"&#8230;.diese Seite ist gerade im Umbau! &nbsp; \u00a0 &nbsp; \u00a0 \u00a0 \u00a0 &nbsp; \u00a0 &nbsp; \u00a0\" \/>\n<meta property=\"og:url\" content=\"https:\/\/www.zweiradschulze.com\/?page_id=51\" \/>\n<meta property=\"og:site_name\" content=\"Zweiradfachgesch\u00e4ft Schulze\" \/>\n<meta property=\"article:modified_time\" content=\"2024-03-29T09:03:38+00:00\" \/>\n<meta property=\"og:image\" content=\"https:\/\/res.cloudinary.com\/bohmeyer-schuster-gmbh\/image\/upload\/w_300,c_fill,q_auto:low\/f_auto\/v1574938619\/products\/images\/arbeitsstelle-verkehrsschild-nr-123-2868.jpg\" \/>\n<meta name=\"twitter:label1\" content=\"Gesch\u00e4tzte Lesezeit\" \/>\n\t<meta name=\"twitter:data1\" content=\"1\u00a0Minute\" \/>\n<script type=\"application\/ld+json\" class=\"yoast-schema-graph\">{\"@context\":\"https:\/\/schema.org\",\"@graph\":[{\"@type\":\"WebPage\",\"@id\":\"https:\/\/www.zweiradschulze.com\/?page_id=51\",\"url\":\"https:\/\/www.zweiradschulze.com\/?page_id=51\",\"name\":\"Fahrrad - Zweiradfachgesch\u00e4ft Schulze\",\"isPartOf\":{\"@id\":\"https:\/\/www.zweiradschulze.com\/#website\"},\"datePublished\":\"2013-08-31T13:04:49+00:00\",\"dateModified\":\"2024-03-29T09:03:38+00:00\",\"breadcrumb\":{\"@id\":\"https:\/\/www.zweiradschulze.com\/?page_id=51#breadcrumb\"},\"inLanguage\":\"de\",\"potentialAction\":[{\"@type\":\"ReadAction\",\"target\":[\"https:\/\/www.zweiradschulze.com\/?page_id=51\"]}]},{\"@type\":\"BreadcrumbList\",\"@id\":\"https:\/\/www.zweiradschulze.com\/?page_id=51#breadcrumb\",\"itemListElement\":[{\"@type\":\"ListItem\",\"position\":1,\"name\":\"Home\",\"item\":\"https:\/\/www.zweiradschulze.com\/\"},{\"@type\":\"ListItem\",\"position\":2,\"name\":\"Fahrrad\"}]},{\"@type\":\"WebSite\",\"@id\":\"https:\/\/www.zweiradschulze.com\/#website\",\"url\":\"https:\/\/www.zweiradschulze.com\/\",\"name\":\"Zweiradfachgesch\u00e4ft Schulze\",\"description\":\"Ihr Fachgesch\u00e4ft f\u00fcr Zweir\u00e4der und Gartentechnik in Schm\u00f6lln und Umgebung\",\"potentialAction\":[{\"@type\":\"SearchAction\",\"target\":{\"@type\":\"EntryPoint\",\"urlTemplate\":\"https:\/\/www.zweiradschulze.com\/?s={search_term_string}\"},\"query-input\":\"required name=search_term_string\"}],\"inLanguage\":\"de\"}]}<\/script>\n<!-- \/ Yoast SEO plugin. -->","yoast_head_json":{"title":"Fahrrad - Zweiradfachgesch\u00e4ft Schulze","robots":{"index":"index","follow":"follow","max-snippet":"max-snippet:-1","max-image-preview":"max-image-preview:large","max-video-preview":"max-video-preview:-1"},"canonical":"https:\/\/www.zweiradschulze.com\/?page_id=51","og_locale":"de_DE","og_type":"article","og_title":"Fahrrad - Zweiradfachgesch\u00e4ft Schulze","og_description":"&#8230;.diese Seite ist gerade im Umbau! &nbsp; \u00a0 &nbsp; \u00a0 \u00a0 \u00a0 &nbsp; \u00a0 &nbsp; \u00a0","og_url":"https:\/\/www.zweiradschulze.com\/?page_id=51","og_site_name":"Zweiradfachgesch\u00e4ft Schulze","article_modified_time":"2024-03-29T09:03:38+00:00","og_image":[{"url":"https:\/\/res.cloudinary.com\/bohmeyer-schuster-gmbh\/image\/upload\/w_300,c_fill,q_auto:low\/f_auto\/v1574938619\/products\/images\/arbeitsstelle-verkehrsschild-nr-123-2868.jpg"}],"twitter_misc":{"Gesch\u00e4tzte Lesezeit":"1\u00a0Minute"},"schema":{"@context":"https:\/\/schema.org","@graph":[{"@type":"WebPage","@id":"https:\/\/www.zweiradschulze.com\/?page_id=51","url":"https:\/\/www.zweiradschulze.com\/?page_id=51","name":"Fahrrad - Zweiradfachgesch\u00e4ft Schulze","isPartOf":{"@id":"https:\/\/www.zweiradschulze.com\/#website"},"datePublished":"2013-08-31T13:04:49+00:00","dateModified":"2024-03-29T09:03:38+00:00","breadcrumb":{"@id":"https:\/\/www.zweiradschulze.com\/?page_id=51#breadcrumb"},"inLanguage":"de","potentialAction":[{"@type":"ReadAction","target":["https:\/\/www.zweiradschulze.com\/?page_id=51"]}]},{"@type":"BreadcrumbList","@id":"https:\/\/www.zweiradschulze.com\/?page_id=51#breadcrumb","itemListElement":[{"@type":"ListItem","position":1,"name":"Home","item":"https:\/\/www.zweiradschulze.com\/"},{"@type":"ListItem","position":2,"name":"Fahrrad"}]},{"@type":"WebSite","@id":"https:\/\/www.zweiradschulze.com\/#website","url":"https:\/\/www.zweiradschulze.com\/","name":"Zweiradfachgesch\u00e4ft Schulze","description":"Ihr Fachgesch\u00e4ft f\u00fcr Zweir\u00e4der und Gartentechnik in Schm\u00f6lln und Umgebung","potentialAction":[{"@type":"SearchAction","target":{"@type":"EntryPoint","urlTemplate":"https:\/\/www.zweiradschulze.com\/?s={search_term_string}"},"query-input":"required name=search_term_string"}],"inLanguage":"de"}]}},"_links":{"self":[{"href":"https:\/\/www.zweiradschulze.com\/index.php?rest_route=\/wp\/v2\/pages\/51"}],"collection":[{"href":"https:\/\/www.zweiradschulze.com\/index.php?rest_route=\/wp\/v2\/pages"}],"about":[{"href":"https:\/\/www.zweiradschulze.com\/index.php?rest_route=\/wp\/v2\/types\/page"}],"author":[{"embeddable":true,"href":"https:\/\/www.zweiradschulze.com\/index.php?rest_route=\/wp\/v2\/users\/1"}],"replies":[{"embeddable":true,"href":"https:\/\/www.zweiradschulze.com\/index.php?rest_route=%2Fwp%2Fv2%2Fcomments&post=51"}],"version-history":[{"count":124,"href":"https:\/\/www.zweiradschulze.com\/index.php?rest_route=\/wp\/v2\/pages\/51\/revisions"}],"predecessor-version":[{"id":1906,"href":"https:\/\/www.zweiradschulze.com\/index.php?rest_route=\/wp\/v2\/pages\/51\/revisions\/1906"}],"wp:attachment":[{"href":"https:\/\/www.zweiradschulze.com\/index.php?rest_route=%2Fwp%2Fv2%2Fmedia&parent=51"}],"curies":[{"name":"wp","href":"https:\/\/api.w.org\/{rel}","templated":true}]}}